 -51. Let n = 6510 - 6495. Let p = q - n. What are the prime factors of p?
2
Suppose -3*x + 6771 = y - 37722, 5*x = -5*y + 222515. List the prime factors of y.
2, 3, 3709
Let r(z) = -7*z - 96. Let y = -103 + 74. What are the prime factors of r(y)?
107
Let p = 4511 + -2766. Let b = p + -1199. List the prime factors of b.
2, 3, 7, 13
Let i be (-3)/(-3) - (-5544)/8. Let q = -387 + i. What are the prime factors of q?
307
Suppose 3*h - 4286 = w + 14464, -5*h = -5*w - 31250. List the prime factors of h.
2, 5
Let y(s) = 46*s + 37. Suppose -18 = 4*o + 18. Let p be y(o). Let m = 532 + p. List the prime factors of m.
5, 31
Suppose 0 = 3*o - 2*h - 8579, 1181 = o + 4*h - 1660. What are the prime factors of o?
2857
Suppose -32*r - 369653 = -1321749. List the prime factors of r.
29753
Let z(a) = -79*a - 95. Suppose -6*v - 4*y - 50 = 0, 0*v = -4*v + 4*y. What are the prime factors of z(v)?
2, 3, 5
Let z = 301 + 2976. List the prime factors of z.
29, 113
Suppose -m - 6 = -7*m. List the prime factors of (5/1 + 68)/m.
73
Let a = 24 + -19. Let r = -238 + 369. Suppose 0*n - a*z = -2*n + r, 0 = -3*n + 3*z + 192. What are the prime factors of n?
3, 7
Suppose 9*m - 341354 = -56972. What are the prime factors of m?
2, 7, 37, 61
Let w = -3891 + 8705. List the prime factors of w.
2, 29, 83
Suppose -2*b - 4*a - 60720 = -6*b, b + 2*a = 15186. List the prime factors of b.
2, 7591
Let j = 6826 + -3672. List the prime factors of j.
2, 19, 83
Suppose 4 = -4*t, 5*t - 2*t = -3*c - 18. Let s be -6*-3*c/(-9). Let x(g) = g**2 + g + 9. What are the prime factors of x(s)?
7, 17
Suppose -33*l + 103150 = -838835. List the prime factors of l.
3, 5, 11, 173
Let m(u) be the first derivative of -19*u**2/2 - 36*u + 98. List the prime factors of m(-7).
97
Let v = 5719 + -1704. What are the prime factors of v?
5, 11, 73
Suppose 54*i = 58*i - 8. Let v be (i/2)/(16/(-1648)). Let y = 260 + v. List the prime factors of y.
157
Suppose -96*f - 5*p + 42968 = -92*f, -3*f + 3*p + 32172 = 0. List the prime factors of f.
2, 2683
Let v be (41/164)/(2/9544). List the prime factors of (-40)/24 - v/(-3).
2, 3, 11
Let n(w) = -3*w**2 - 9*w - 10. Let g be n(-5). Let h = g - -47. Suppose 0 = i - 20 + h. List the prime factors of i.
13
Suppose 5*w + 2*z - 6*z = -1740, 3*w + 2*z = -1044. Let p be -2 - (3/6 - w/(-8)). List the prime factors of p + 0*-2*4/16.
41
Let u(z) = z**2 + 7*z - 6. Let p be (-1)/6*3*1*0. Let f be u(p). What are the prime factors of -12*(f/21 + 153/(-28))?
3, 23
Let h(w) = 2*w**3 - 24*w**2 + 42*w - 17. Let d(y) = 9*y**3 - 121*y**2 + 213*y - 84. Let x(n) = -2*d(n) + 11*h(n). List the prime factors of x(8).
3, 101
Let o be -6*66/(-27)*(-9)/(-6). Suppose -23*m + o*m = 24. List the prime factors of (-705)/m - 6/16.
29
Let n be ((-4)/2 + 1)/(1/(-23)). Suppose -2*v = 2*v + 3*w + 14, -5*v = w + n. What are the prime factors of -93*(v + 4) - 0?
3, 31
Suppose 5*b = -4*u + 10794, b + 9*u - 5*u - 2162 = 0. List the prime factors of b.
2, 13, 83
Let k = -19 + 39. Suppose -3*u = -7*u - k. List the prime factors of 2/(u*2/(-485)).
97
Suppose -8*g + 38234 = -64374. Suppose 2*c + g = 24*c. List the prime factors of c.
11, 53
Suppose 0 = 8*o - 22*o - 2296. Let c = 125 - o. List the prime factors of c.
17
Suppose 29*c + 2744 = 32*c - 4*y, 5*c - 4616 = -4*y. List the prime factors of c.
2, 5, 23
Let r be (2 - -2)/(14/63). Suppose r*n + 120 = 22*n. List the prime factors of n.
2, 3, 5
Let b be -25 + 63 - (1 - 8). Suppose -b*z = -37*z - 2408. List the prime factors of z.
7, 43
Let q be (4 - (-7 + 11) - 0)/1. Let n be (1/2)/(3/2514). Suppose 5*i - 246 - n = q. List the prime factors of i.
7, 19
Suppose p + 19 = 4*a, a + 4*p - 8 = p. Suppose -q = 2*v - 8 - 22, -q - a*v = -42. Let s = 23 + q. List the prime factors of s.
3, 5
Let b be (4 - -100) + -5 - (-1 - -3). Suppose -556 - b = -p. What are the prime factors of p?
653
Let m = -123 - -124. Let a(q) = 405*q**3 + 2*q**2 - q. What are the prime factors of a(m)?
2, 7, 29
Let f(v) = v**3 + 16*v**2 + 9*v + 30. Let x = -23 + 12. What are the prime factors of f(x)?
2, 67
Let k = -69106 + 114289. What are the prime factors of k?
3, 15061
Let z(s) = 7169*s**2 + 37*s + 136. What are the prime factors of z(-3)?
2, 59, 547
Suppose 10*n = 12*n - 8. Suppose -308 = -2*t + n*t. Let o = t + 258. List the prime factors of o.
2, 13
Let v be (-2)/4*(-272)/(-24)*-6. Let z(s) = -3*s**2 + 117*s - 52. What are the prime factors of z(v)?
2, 229
Let t(o) = 6*o**2 + 1 - 2 + o**2 + 10. What are the prime factors of t(-11)?
2, 107
Let j(b) = b**3 - 8*b**2 + 102*b - 102. List the prime factors of j(19).
5807
Suppose -a + 5*a + 1284 = 0. Let j = 706 - 256. Let u = a + j. List the prime factors of u.
3, 43
What are the prime factors of (-27783)/5292*(-1 - (-1729)/(-3))?
7, 433
What are the prime factors of (-78936)/(-2) + -20 - 17?
7, 43, 131
Let o = -922 - -158. Let p = -472 - o. List the prime factors of p.
2, 73
Let v(i) = -i**2 - 13*i + 9. Let k be (1 - (-132)/(-9)) + 2/(-6). Let p be v(k). What are the prime factors of (-1)/(3*p/1515)?
101
Suppose 7*y - 26542 = 34127. List the prime factors of y.
3, 107
Suppose -24 = -4*p + 8*p. List the prime factors of 12/6*(-3)/(p/466).
2, 233
Let h(k) be the first derivative of 14*k**2 + 50*k - 26. List the prime factors of h(21).
2, 11, 29
Let c(k) be the second derivative of -8*k**2 + 0 + 1/6*k**4 - 21*k - 3/2*k**3. List the prime factors of c(10).
2, 47
Let k(b) be the third derivative of -b**4/24 + 5*b**3/2 + 3*b**2. Let n be k(15). Suppose n = -3*g - 15, -350 = 3*h - 8*h - 5*g. List the prime factors of h.
3, 5
List the prime factors of (-2 + 25/(-4))*(-216056)/339.
2, 11, 239
Let u = 19 + -19. Let z = 2 - u. Let x = 23 - z. List the prime factors of x.
3, 7
Let g(b) = -3*b - 9. Let x be g(-6). Suppose -x = -r + 2*w + 3*w, -w = -4*r + 17. Suppose -o + r*t = -117, 2*t + 2*t + 335 = 3*o. List the prime factors of o.
109
List the prime factors of (-1 - 3705/(-1))*12/8.
2, 3, 463
Let s = 8850 + -2857. List the prime factors of s.
13, 461
Let q be (-1072)/(-8) + (-3 - (-5)/1). Let d = q + -132. Suppose -298 = -6*k + 4*k + 5*g, -334 = -2*k - d*g. List the prime factors of k.
3, 53
Suppose 0 = -1363*j + 1310*j + 240461. What are the prime factors of j?
13, 349
Suppose 120*s = 68*s + 205712. What are the prime factors of s?
2, 23, 43
Let f = 34 - 30. Suppose -f*m = -6*m. Let o(b) = -b**3 + b**2 + 2*b + 78. What are the prime factors of o(m)?
2, 3, 13
Suppose j + 4*d - 7 = 0, 2*d + 3 + 1 = 0. Let g = -30 - -24. What are the prime factors of ((-36)/j)/(g/15)?
2, 3
Let s(o) = o**3 - 5*o**2 - 5*o - 6. Let b be s(6). Suppose c + 2*j = 19, b*c + j + 22 = c. Let i = c + -14. What are the prime factors of i?
7
What are the prime factors of -281*(-23)/5 + 20/50?
3, 431
Let o(b) = -b**2 - 36*b - 119. Let u be o(-32). Suppose -1062 - 99 = -u*z. List the prime factors of z.
3, 43
Suppose -4*j - 5 = h, -6*j - 3*h - 15 = -j. Suppose j = -2*q - 43 + 59. Suppose 2*x + q = 0, -2*c + 243 = 4*x - 255. What are the prime factors of c?
257
Suppose f + 3*h = -12237, 0 = -4*f - 0*h - h - 48893. Suppose 119 + 57 = -8*n. List the prime factors of f/(-66) + 4/n.
5, 37
Suppose 62*d - 1878437 = -22*d - 388193. List the prime factors of d.
113, 157
Suppose -u + 321 = 4*g, 7*g = u + 4*g - 335. Let n = -141 + u. List the prime factors of n.
2, 47
Let f be ((-5)/(-20))/(20/(-336))*-15. Let k = f + 61. List the prime factors of k.
2, 31
Let b be -2*74*228/16. Let i = -1253 - b. What are the prime factors of i?
2, 107
Let x = -1819 + 10356. What are the prime factors of x?
8537
Let r = -187 - -192. What are the prime factors of (3/(-15)*r)/(1/(-427))?
7, 61
Suppose -3*t - y - 2 = 0, 5*t = -y - 6 - 0. Let f be (-2902)/(-3)*(-3)/t. Suppose 6*c - 133 - f = 0. What are the prime factors of c?
2, 3, 11
Suppose -4*g - 977 = 3*v, -552 = 4*g - 4*v + 404. Let x = 1148 + g. What are the prime factors of x?
2, 3, 151
Suppose -4*y - l = 4465, 2*l = 5*y - 2*l + 5576. Let d be y/(-27)*(-3)/(-2). Suppose -p - 2*b = -51, 4*b + 91 + d = 3*p. What are the prime factors of p?
3, 17
Let b = 1506 - -8366. List the prime factors of b.
2, 617
Let p(l) = 5 + 65*l - 67*l + 34. List the prime factors of p(11).
17
Let q = 28 + -55. Let r = q - -8. Let g = 80 + r. List the prime factors of g.
61
Let o(i) = i**